*l**3 + 24*l**2 - 12*l + 47. Let g(s) = 17*o(s) + 6*u(s). Is g(-8) a multiple of 14?
True
Let g be (0 - -20) + (-1 - -3). Let u be 5*(3 - 17/5). Does 10 divide (u + 4 - g)*-1?
True
Let a(w) = 6*w**2 + 3*w - 1. Let u be a(5). Suppose 5*x + 36 = n + 4*x, -4*n - x = -u. Is 9 a factor of n?
False
Let i(s) = -2*s**3 - 10*s**2 - 10*s - 22. Is i(-6) a multiple of 53?
False
Is ((-36)/(-10))/(15/250) a multiple of 20?
True
Let j = 4 - 4. Suppose v + 4*v - 50 = j. Is 3 a factor of v?
False
Suppose 2*o - 3*o = -2. Is 16/o*35/20 a multiple of 14?
True
Let w be 2*2/(-8)*-6. Suppose 4*z = 351 - 63. Suppose 0*c - w*c = -z. Does 12 divide c?
True
Let p(d) = -d - 1. Let o(v) = 30*v**2 + 4*v + 6. Let c(y) = o(y) + 5*p(y). Let i(w) be the first derivative of c(w). Is i(1) a multiple of 21?
False
Suppose 3*c + 3 = 2*c, -2*c - 48 = -3*k. Let q = k - -1. Let s = 23 - q. Does 8 divide s?
True
Let y(n) = 2*n**3 + 7*n**2 - 13*n + 11. Let h(w) = w**3 + 7*w**2 - 12*w + 10. Let k(q) = -3*h(q) + 2*y(q). Does 5 divide k(6)?
False
Suppose 0 = 3*i + 4 - 31. Is i a multiple of 7?
False
Let n(z) = 30*z + 1. Let d(p) = 2*p**2 + p. Let g be d(-1). Is 8 a factor of n(g)?
False
Let k = -101 - -160. Let t = k - 101. Is 0 + (-5)/(15/t) a multiple of 13?
False
Does 4 divide 18/3 - (-3 + -1)?
False
Suppose -4*l + 6 = -26. Is (3 - 7)*(-38)/l a multiple of 7?
False
Let c(h) be the third derivative of 0*h + 25/6*h**3 + 0 - h**2 + 1/24*h**4. Does 8 divide c(0)?
False
Let t(s) = s**2 - s - 2. Let n be t(-2). Suppose 0 = -n*f + 71 + 93. Is 23 a factor of f?
False
Suppose 5*r = 4*r - 2*b + 102, -97 = -r + 3*b. Does 20 divide r?
True
Let k be ((-18)/(-4))/((-3)/(-6)). Let c(q) = 5 - 2*q + q**3 + k*q - 8*q**2 + q**2. Is 11 a factor of c(6)?
True
Let c = 9 - 5. Let i be c/(-6) + (-256)/(-6). Suppose -i = -0*n - 3*n. Is n a multiple of 7?
True
Let z be (2 + (-3)/9)*3. Suppose 10 = z*r - 5*c, -3*r - 4*c = -10 - 3. Suppose -a = -r*a + 16. Does 3 divide a?
False
Let a(p) = -8*p + 2. Let o be a(-5). Suppose 0*f - f + o = 0. Does 21 divide f?
True
Let u be 1/(-3) + 1/3. Suppose 2*y = 5*h - 596, h + 4*h + y - 602 = u. Suppose 2*q - 7*q = -5*k - h, 2*q + 2*k - 56 = 0. Is 13 a factor of q?
True
Let f(a) = 2*a + 14. Does 18 divide f(11)?
True
Suppose 81 = 2*h - 59. Let l = 101 - h. Does 12 divide l?
False
Suppose -3*h + 3*n = -207, h + 2*h = -5*n + 231. Is 24 a factor of h?
True
Suppose 4*f - j - 32 = 0, 0 = -f + 2*f - 3*j + 3. Suppose 2*x = 3*x + f. Is 3/(x/(-60)) - 1 a multiple of 9?
False
Suppose 2*z = 43 + 53. Is 13 a factor of z?
False
Suppose 3*y = 12, 0*y - 3*y + 382 = -5*m. Let z = m + 41. Let o = -23 - z. Is o a multiple of 10?
True
Let x = 10 + -7. Suppose 3*m - 5*l = 110, 2*m + 0*l - x*l = 72. Does 15 divide m?
True
Suppose -5*x + 16 = -k - k, 0 = x - 4. Is k a multiple of 2?
True
Let x(c) = 229*c**3 - c**2 + 2*c - 3. Does 10 divide x(1)?
False
Let l(f) = -f**3 - 2*f**2 - 2*f. Is 7 a factor of l(-3)?
False
Suppose 271 = 4*j + 3*y, 4*j - 3*y + 0*y = 241. Is j a multiple of 29?
False
Let o be -2 - 1 - 3*-15. Is 14 a factor of (2 - 1)*(o - 1)?
False
Let s = 2 + 13. Suppose -3*k = 3*r - s - 12, 0 = -5*r + 10. Is k a multiple of 3?
False
Let a(o) = -10*o. Let w be a(-2). Suppose -5*k = -3*k - w. Is k a multiple of 5?
True
Let y(s) = -s + 12. Suppose -2*o + 5*g + 13 = 0, -o - 2*g + 9 = -2. Let a be y(o). Suppose 4*x + z - 17 = -0*x, 3*z = -a*x + 15. Is 4 a factor of x?
True
Let p be 30/12*8/(-10). Let b be (1/p)/(5/(-980)). Let h = -50 + b. Is 16 a factor of h?
True
Let v = -47 + 159. Does 16 divide v?
True
Let t(a) = -2*a**2 + a. Let h be t(1). Is 7 a factor of 1/(h/21*-3)?
True
Let a = -3 + 6. Suppose -a*k - 3 + 57 = 0. Is 9 a factor of k?
True
Suppose 32 = -2*u - 0*u + 2*m, 4*u - m = -61. Let x = 22 + u. Is x a multiple of 5?
False
Is 5 a factor of 2031/45 - (-24)/(-180)?
True
Let q = -14 + 26. Suppose 2*s - 50 = -q. Is s a multiple of 19?
True
Let q = -119 + 77. Let b = q - -74. Is 16 a factor of b?
True
Let w = 2 - 2. Suppose w = 3*z - 0 - 54. Is 12 a factor of (-12)/z - (-142)/6?
False
Let a = 3 + -1. Let v be (2/(-2))/1 - -25. Let z = v - a. Is z a multiple of 11?
True
Suppose -407 = 9*d - 1253. Does 23 divide d?
False
Let f(v) = -11*v**3 + 1. Let c be f(1). Let m be (-6)/c*(-25)/5. Is (-2)/m*3*13 a multiple of 13?
True
Does 7 divide ((-13)/(-39))/((-1)/(-39))?
False
Suppose -2*v = -5*v - 9. Let k = 6 + v. Is 2 a factor of k?
False
Suppose -5*m - 2*d + 18 + 241 = 0, -10 = -5*d. Does 5 divide m?
False
Suppose -12*b = b - 3497. Is 12 a factor of b?
False
Let l(j) = j**3 + 9*j**2 + 5*j + 5. Let v be (-5)/1 - (2 - -1). Is 12 a factor of l(v)?
False
Let s(z) = -100*z - 4. Is 28 a factor of s(-1)?
False
Let d = 25 - 18. Suppose -u = -10 - d. Suppose u - 47 = -3*f. Is 5 a factor of f?
True
Let a = -12 - -19. Does 2 divide a?
False
Let z(m) = 6*m**2 - 3*m - 1. Let k(q) = 5*q**2 - 3*q - 2. Let c(j) = -7*k(j) + 6*z(j). Let b(a) = a**3 - 10*a**2 - 8. Let v be b(10). Is 17 a factor of c(v)?
False
Let f(t) = -t**3 + 5*t**2 + 5*t + 3. Let w(m) = m**2 + m + 1. Let g(o) = f(o) - w(o). Does 10 divide g(-2)?
False
Let i = -295 + 415. Does 12 divide i?
True
Suppose 0 = 4*z - z - 6. Suppose -1 = h + z. Let n = 7 + h. Is 4 a factor of n?
True
Suppose -5*k = -0*k - 5*f - 10, -k - f + 12 = 0. Is 4 a factor of (-30)/(-4) - k/(-14)?
True
Suppose 3*b + 4*l + 64 = 8*b, -5*l + 20 = 0. Is b a multiple of 4?
True
Suppose -4*q + 10 = -10. Suppose -5*y = q*x - 488 + 103, -228 = -3*y - 4*x. Is 21 a factor of y?
False
Let i be -2 - -2 - (0 + -6). Suppose 2*w = -w - i. Does 2 divide w*(5/2)/(-1)?
False
Let q = 218 + 20. Does 12 divide q?
False
Suppose -8*m + 3*m + 20 = 0. Suppose 2*w - 6 = -3*h, 0 = -2*h + w + 3*w + m. Suppose 10 = 3*o + q - h*q, -4*o = -4*q. Does 3 divide o?
False
Suppose r - 48 - 38 = 2*f, -2*r - 3*f + 179 = 0. Does 36 divide r?
False
Let u(a) be the second derivative of -a**5/20 + 7*a**4/12 - a**3 + 3*a**2 + 2*a. Suppose 5*o = 25, 3*g - 10 = 2*o - o. Is u(g) a multiple of 13?
True
Let q(a) be the first derivative of -a**4/12 + 4*a**3/3 + 3*a**2/2 + a + 1. Let d(u) be the first derivative of q(u). Is d(4) a multiple of 10?
False
Suppose 0*h - 18 = -3*h. Suppose 0 = -h*g + 9*g - 90. Is g a multiple of 29?
False
Does 12 divide 0 - 123/((-12)/4)?
False
Suppose 4*v - 5 = 3*v. Suppose -3*g = v*t - 7 - 19, -g - 4*t = -11. Does 4 divide g?
False
Suppose -291 = -22*s + 19*s. Does 12 divide s?
False
Suppose -5*d - 11 = 2*p, -3*d - d - 10 = p. Suppose 9 = -y + 5*b, -3*y + p*b - 3*b = -53. Is 4 a factor of y?
True
Let n be (-5)/10 + 2/4. Let y be 2*(n - (-57)/2). Suppose -3*a + y = -102. Is a a multiple of 21?
False
Let w(d) = -d**2 + 3*d - 2. Let z be w(2). Suppose 0 = -5*h + 5, 5*b + 2*h - 125 + 38 = z. Is b a multiple of 17?
True
Let z(g) = -g**3 - 5*g - 8. Does 17 divide z(-4)?
False
Suppose 2*q + 4*g - 57 = 39, 0 = 4*q + g - 227. Is 29 a factor of q?
True
Let b = 10 - 6. Suppose -b*u - u = -185. Let f = 72 - u. Does 13 divide f?
False
Suppose 20 = 2*x - 4. Let n = x - 19. Does 10 divide 9/21 + (-74)/n?
False
Let l(a) = -67*a + 1. Suppose 7*r = 4*r - 6. Let b be l(r). Suppose 4*n = n + b. Does 17 divide n?
False
Suppose u - 3*l - 9 = -28, 0 = u - 5*l + 29. Is 3/(u + (-214)/(-52)) a multiple of 26?
True
Let n = -21 - -27. Let f(q) = 11*q - 9. Is 16 a factor of f(n)?
False
Suppose 0 = 2*i - 3*i + 4, 0 = b - i - 56. Is b a multiple of 10?
True
Let r = -76 - -154. Is 23 a factor of r?
False
Suppose 3*n + c + 7 = 303, 2*n - 2*c = 208. Is n a multiple of 20?
True
Let w(i) = i**3 - 6*i**2 + 2*i + 7. Is w(7) a multiple of 35?
True
Let s(j) = 0 - 2*j**2 - 2*j - 4*j**3 - 4 + 3 + 3*j**3. Is s(-3) a multiple of 7?
True
Let a(i) = -i - 3. Let g be a(0). Let k(o) = o + 14. Let t be k(-7). Let j = t + g. Does 2 divide j?
True
Suppose -4*i + 6*i = 2*d + 66, -4*d + 106 = 3*i. Does 8 divide i?
False
Suppose 5*y = 8*y + 15. Let k = y + 8. Suppose 2*i - 54 = 3*x - 18, k*i = -3*x + 39. Is 15 a factor of i?
True
Let z(j) = 9*j + 71. Is z(-6) a multiple of 3?
False
Does 20 divide (-2 + (-20)/(-35))*-14?
True
Let y(v) = -v - 2. Let q be y(12). Let g = 4 - q. Suppose -2*n + 4*s + g = 0, 0 = -3*n - 4*s + 20 + 17. Does 11 divide n?
True
Let q(r) = 31*r - 4. Suppose 5 + 8 = -3*h + m, -4*h = -2*m + 18. Let c(v) = -31*v + 5. Let z(o) = h*q